-c = -4*l - 98. List the prime factors of c.
2, 5, 11
Suppose 36 = 4*g - 12. Suppose 51 = 3*y + w + g, 2*w = 0. List the prime factors of y.
13
What are the prime factors of ((-265)/(-2))/((-7)/(-2) - 3)?
5, 53
Let g be 1/(((-4)/(-5))/(-4)). Let r = g - -13. List the prime factors of r.
2
Let u be 11/2 + (-3)/6. Suppose 2 = -p + u. Suppose 7 = p*z - 5. List the prime factors of z.
2
Let d = 56 - -228. List the prime factors of d.
2, 71
Let w be 0 + 132/(-4) + 0. What are the prime factors of (-1)/6*w*2?
11
Let u = -2 - 9. Let x = 17 + u. What are the prime factors of x?
2, 3
Let c(o) = -o - 7. Let m be c(-7). Suppose 5*b - 123 - 22 = m. Suppose 2*k = 2*u - 18, -2*k + k = -3*u + b. List the prime factors of u.
2, 5
Let z(d) = d**3 - 2*d**2 - 2*d + 1. Let q be z(3). Suppose 0 = q*l + 2*o - 44, 3*l - 23 = -2*o - 2*o. List the prime factors of l.
13
Let d be (3 - 2)*(6 - -6). List the prime factors of 111/d - (-1)/(-4).
3
Let v(d) = 7 - 1 - 6 - d - 3. What are the prime factors of v(-5)?
2
Let r(l) = 3*l**2 + 4*l. Let g be r(-3). Suppose h - 6*h + g = 0. What are the prime factors of h?
3
Let n be 7/(14/(-4)) - 69. Let h = -47 - n. What are the prime factors of h?
2, 3
What are the prime factors of -4 + (-12)/(-2) + 189?
191
Let k(v) be the first derivative of v**4/4 + 5*v**3/3 - 9*v**2/2 - 3*v + 2. List the prime factors of k(-6).
3, 5
Let h(c) = c**2 + 9*c + 2. Let n be h(-9). Suppose b + n*b = 48. List the prime factors of b.
2
Let f(b) = 5*b - 17. Let s(h) = -3*h + 8. Let x(t) = -3*f(t) - 7*s(t). List the prime factors of x(4).
19
Let v be (-1)/4 + 116/16. Let u(c) = -c**3 + 8*c**2 - 6*c + 1. Let w be u(v). List the prime factors of -2*2/w*-10.
5
Suppose 2*l - 2 = 3*z - 0, -4*l = 5*z - 4. Suppose 5*q - 5*m - 110 = 0, -q - 2 = 4*m + l. List the prime factors of q.
17
Suppose -7 = -3*q + 2. Let v(i) = -7*i**2 - i. Let z be v(q). What are the prime factors of (-2)/(-3) + z/(-9)?
2
Suppose 4*q - 106 - 108 = 2*a, 2*q = 3*a + 117. What are the prime factors of q?
3, 17
Suppose -2*o - 2 + 4 = 0. Suppose 2*k - f + o - 11 = 0, 0 = 3*k + 2*f - 1. Suppose -2*u = -4*l + 58, -16 + 49 = 4*l + k*u. List the prime factors of l.
2, 3
Suppose -k = 4*k + 2*g - 30, -3*g - 15 = 0. Let x = k + -5. What are the prime factors of 3/(1 + (-2)/x)?
3
Suppose -2*v = -6*v - 16. Let t be 508/20 - v/(-10). Suppose 7*p - t = 2*p. List the prime factors of p.
5
Suppose 1 = 2*p - 31. Let l = -4 + p. What are the prime factors of l?
2, 3
Let n(b) = b**3 - 2*b**2 + 4*b + 2. What are the prime factors of n(3)?
23
Suppose 2*x = 8, -3*x = 2*f + 2*f + 12. Let d(t) = 2*t**3 + 5*t**2 - t + 4. Let h be d(-4). List the prime factors of h/f - (-6)/(-9).
2, 3
Suppose -4*p - 84 = 2*u, 73 = -3*p - u - 3*u. Let k = p + 31. What are the prime factors of k?
2, 3
Let o(m) = 12*m**2 - 4*m + 7. What are the prime factors of o(-4)?
5, 43
Let z = 37 + 0. What are the prime factors of z?
37
Let w be -6*(-1)/8*4. Suppose 10 = 3*c + 2*s, -w*c + 2*s + 13 = s. Suppose -f + g - 51 = -4*f, c*f = 3*g + 68. List the prime factors of f.
17
Let b be 2/1*(-9)/2. Let y(v) = v**2 + 7*v - 9. What are the prime factors of y(b)?
3
Let f be -1 - (-1 + -1 + -4). Let j(l) be the first derivative of -l**3/3 + 9*l**2/2 - 4*l + 3. List the prime factors of j(f).
2
Let l = 107 + -27. List the prime factors of l.
2, 5
Let a(t) = 2*t**3 - 6*t**2 - 6*t + 4. Let s be a(6). Suppose 3*f - 4*r = 73, 3*f + 66 = -5*r + s. What are the prime factors of f?
31
Let b = -43 - -3. Let q be (-4)/18 - 482/18. Let n = q - b. List the prime factors of n.
13
Let z = 76 - 42. Let u(a) = a - 4. Let r be u(7). Suppose 5*x - k - 32 = 0, 5*x + r*k - z = 5*k. What are the prime factors of x?
2, 3
Let s = 58 + -55. List the prime factors of s.
3
Let w(q) = q + 1. Let r be w(2). Suppose 0 = 4*b - 5*s - 24 - 56, -s = -r*b + 60. List the prime factors of b.
2, 5
Let u(m) = -m**2 + m + 11. Let b = 12 - 12. List the prime factors of u(b).
11
Let c = -99 - -157. List the prime factors of c.
2, 29
Let u = -35 + 49. List the prime factors of u.
2, 7
Suppose 33 = -0*v + 3*v. What are the prime factors of v?
11
Suppose -2*h + 27 = -33. List the prime factors of h.
2, 3, 5
Suppose -4*w - 63 - 37 = -a, 0 = 2*a - 2*w - 194. List the prime factors of a.
2, 3
Let w(l) = l**2 + l. Let p(b) = b**3 + 3*b**2 + b - 11. Let x(c) = -p(c) + 2*w(c). What are the prime factors of x(0)?
11
Suppose 2*b = -5*t + 67, 2*t - t - 41 = -b. Suppose b = n + n. What are the prime factors of n?
23
Let b = 0 - -2. Suppose -102 = -0*o - 4*o - 2*r, 0 = -b*r + 6. List the prime factors of o.
2, 3
Let n = 11 - 5. List the prime factors of -3 - -94*3/n.
2, 11
Suppose -6*l + 3*l + 87 = 0. What are the prime factors of l?
29
Let d(u) = u**3 + 6*u**2 + 2*u + 7. Let p = -14 + 9. What are the prime factors of d(p)?
2, 11
Let j(a) = -a**3 + 5*a**2 + 8*a - 9. List the prime factors of j(6).
3
Let f(i) = i**3 + 6*i**2 + i + 8. Let m be f(-6). Let r = 4 + m. List the prime factors of r.
2, 3
Let f = 6 + -4. Let r(y) = 4*y**2 + y - 1. What are the prime factors of r(f)?
17
Suppose 339 = 4*p - 297. List the prime factors of p.
3, 53
Let f(g) = -g**2 + 6*g - 7. Let j be f(5). List the prime factors of (9/(-2))/(j/4).
3
Suppose -4*s + 2*s - 10 = -2*k, 0 = 4*k + 3*s - 6. What are the prime factors of 1/(k + (-47)/16)?
2
Let s(v) = v**3 + 5*v**2 - 6*v - 2. Let h be s(-6). Let y(c) = -c**3 - 2*c**2 - 2*c + 2. What are the prime factors of y(h)?
2, 3
Let q = -5 + 7. Suppose c + c - 3*v = 21, 0 = q*c + 5*v + 3. What are the prime factors of c?
2, 3
Let g(v) = 4*v**3 + v**2 + 3*v + 13. Let z(b) = b**3 + b. Let d(k) = g(k) - 3*z(k). List the prime factors of d(0).
13
Let r(v) = -v**2 - v + 7. Let n be r(-5). Let u = n - -19. What are the prime factors of u/(-21) - (-86)/7?
2, 3
Suppose -4*g = -2*k - 386, 0 = -5*g - 5*k + 421 + 54. What are the prime factors of g?
2, 3
Suppose 0 = -4*o + 6 + 38. What are the prime factors of o?
11
Let y(h) = 1 + h + 8*h**2 + 0*h + h. Let d(j) = 2*j + 5. Let w be d(-3). What are the prime factors of y(w)?
7
Let p(i) = 6*i + 5 + 1 - 1 - 7*i. List the prime factors of p(-7).
2, 3
What are the prime factors of (5/(-3))/(5/(-240))?
2, 5
Let a(v) = -v**3 + 9*v**2 - 8*v + 3. Let x be a(8). Let k be (14 + (-6)/x)/(-1). Let s = 18 + k. List the prime factors of s.
2, 3
Let d(p) = 4*p - 1. Let m be d(3). Suppose 4*c - 10 = -c, 2*y - 4*c = -22. Let h = y + m. List the prime factors of h.
2
Let l be 1 + (1 - -1 - 2). List the prime factors of l/(-3) + (-296)/(-24).
2, 3
Let n(x) be the third derivative of x**4/24 - x**3/6 + 3*x**2. Let u be n(10). Suppose 3*w = -4*k + 50, 2*k - 65 = -5*w + u. What are the prime factors of w?
2, 7
Let n(f) = -2*f + 5. Suppose -8 = 2*a + 2*k - 2, -3*a = 4*k + 4. What are the prime factors of n(a)?
3, 7
Suppose 0 = 10*t - 609 - 221. List the prime factors of t.
83
Suppose 4*w = 16 + 32. Suppose 175 = -7*x + w*x. What are the prime factors of x?
5, 7
Let l(r) = r**3 - 5*r**2 + r + 7. Let b be l(5). Suppose -3*y - 2*z + 4 = -5, 4*y = 2*z + b. List the prime factors of y.
3
Suppose 5*p + 4 = 4*n + 14, -2*p + 4*n + 4 = 0. What are the prime factors of p?
2
Suppose 2*t - 2*p - 70 = 0, 2*t = -3*t + 3*p + 165. List the prime factors of t.
2, 3, 5
Let z = 47 - -40. List the prime factors of z.
3, 29
Suppose 514 = 9*k - 53. What are the prime factors of k?
3, 7
Let y(l) = 8*l - 28. List the prime factors of y(13).
2, 19
Let p be (-6)/(-2) - (-6)/(-6). Suppose 30 = i + p*i. List the prime factors of i.
2, 5
Let m = 7 - -3. Let j(f) = 5*f + 7. What are the prime factors of j(m)?
3, 19
Let u(x) = 19*x**2 - 2*x - 1. What are the prime factors of u(2)?
71
What are the prime factors of 1*3/9*321?
107
Let i be (1/1)/((-3)/15). Let u = i + 26. Let s = u - 7. What are the prime factors of s?
2, 7
Let l(p) = p - 3 - 9 + 20. List the prime factors of l(8).
2
Let k(s) = -3*s - 3. Let u be k(-6). Let o be 400/u + (-4)/6. Suppose -3*b + o + 19 = 0. List the prime factors of b.
3, 5
Suppose 0*z + 2*z = 10. Suppose z*d - 15 = -0*d. List the prime factors of d.
3
Let v(d) = 36*d - 33. What are the prime factors of v(3)?
3, 5
Suppose 221*l + 922 = 223*l. What are the prime factors of l?
461
Suppose 3*u - 15 = -0*u. Suppose -25 = -5*o - 5*h, 10*o - u*o - 35 = 5*h. What are the prime